{"id":11,"date":"2016-02-09T10:55:28","date_gmt":"2016-02-09T09:55:28","guid":{"rendered":"http:\/\/anesthesie-foch.org\/membership-login\/membership-profile\/"},"modified":"2020-09-17T16:07:37","modified_gmt":"2020-09-17T15:07:37","slug":"consultations","status":"publish","type":"page","link":"https:\/\/rea.hopital-foch.com\/?page_id=11","title":{"rendered":"Familles"},"content":{"rendered":"<p>[vc_row][vc_column][\/vc_column][\/vc_row][vc_row][vc_column][vc_column_text]<span style=\"color: #004972;\">La r\u00e9animation est une discipline m\u00e9dicale qui s\u2019attache \u00e0 prendre en charge les patients souffrant de d\u00e9faillances graves d\u2019un ou de plusieurs de leurs organes ou syst\u00e8mes\u00a0: c\u0153ur, reins, syst\u00e8me nerveux central, foie, syst\u00e8me h\u00e9matologique. L\u2019exercice de la r\u00e9animation impose un certain nombre de techniques sp\u00e9cifiques concernant 3 aspects\u00a0:<\/span><\/p>\n<ul>\n<li>La d\u00e9tection de d\u00e9faillances et leur surveillance, on parle alors de <strong>monitorage<\/strong>\u00a0: par exemple un scope<\/li>\n<li>Le <strong>diagnostic<\/strong> de maladies\u00a0: examens de laboratoire, \u00e9chographie, fibroscopie<\/li>\n<li>Le <strong>traitement<\/strong> des d\u00e9faillances d\u2019organes install\u00e9es\u00a0: dialyse, ventilateur pour l\u2019assistance respiratoire, appareil d\u2019assistance circulatoire extra-corporelle<\/li>\n<\/ul>\n<hr \/>\n<p><span style=\"color: #004972;\">La sp\u00e9cificit\u00e9 de la r\u00e9animation r\u00e9side dans la double n\u00e9cessit\u00e9 de pouvoir mettre en \u0153uvre ces techniques\u00a0:<\/span><\/p>\n<ul>\n<li>\u00e0 tout moment du jour ou de la nuit, 365 jours par an<\/li>\n<li>par du personnel m\u00e9dical et para-m\u00e9dical form\u00e9<\/li>\n<\/ul>\n<p>&nbsp;<\/p>\n<hr \/>\n<p>[\/vc_column_text][\/vc_column][\/vc_row][vc_row][vc_column][vc_empty_space][\/vc_column][\/vc_row][vc_row][vc_column][vc_custom_heading text=\u00a0\u00bbRENDRE VISITE A VOS PROCHES\u00a0\u00bb font_container=\u00a0\u00bbtag:h2|font_size:28|text_align:left|color:%23004972&Prime; use_theme_fonts=\u00a0\u00bbyes\u00a0\u00bb][vc_separator][vc_empty_space height=\u00a0\u00bb5px\u00a0\u00bb][vc_column_text]L\u2019\u00e9quipe param\u00e9dicale est \u00e0 votre disposition pour r\u00e9pondre \u00e0 certaines de vos questions, seul un m\u00e9decin pourra vous donner une information m\u00e9dicale compl\u00e8te.<br \/>\nVous pourrez demander \u00e0 rencontrer le m\u00e9decin \u00e0 tout moment.<br \/>\nCelui-ci s\u2019efforcera de se rendre disponible le plus rapidement possible.<br \/>\nUne entrevue avec le m\u00e9decin r\u00e9animateur responsable est souhaitable au minimum 2 fois\/semaine,<br \/>\nN\u2019h\u00e9sitez pas \u00e0 prendre rendez-vous.<br \/>\nN\u2019h\u00e9sitez pas \u00e0 vous faire expliquer une expression ou un mot que vous ne comprenez pas.<br \/>\nLe secr\u00e9tariat est \u00e0 votre disposition pour toute demande administrative (certificats, bulletins d\u2019hospitalisation\u2026).<br \/>\n[\/vc_column_text][vc_tta_tabs][vc_tta_section title=\u00a0\u00bb24h\/24h\u00a0\u00bb tab_id=\u00a0\u00bb1476867261952-efde78a0-17ca\u00a0\u00bb][vc_column_text]<\/p>\n<h3><span style=\"color: #99cc00;\"><strong>La r\u00e9animation est accessible aux proches 24\/24h<\/strong><\/span><\/h3>\n<p>[\/vc_column_text][\/vc_tta_section][vc_tta_section title=\u00a0\u00bbVisiteur adulte\u00a0\u00bb tab_id=\u00a0\u00bb1476866134041-ceec179d-da99&Prime;][vc_column_text]Les soins peuvent prendre plus de temps que pr\u00e9vu pour des raisons li\u00e9es \u00e0 l\u2019\u00e9tat de sant\u00e9 du patient ou \u00e0 l\u2019activit\u00e9 du service.<\/p>\n<p>C\u2019est pourquoi vous pouvez \u00eatre amen\u00e9s \u00e0 attendre avant de pouvoir acc\u00e9der \u00e0 la chambre. Sachez que nous essayons au maximum de pr\u00e9server le temps qui vous est accord\u00e9.<\/p>\n<p>L\u2019\u00e9quipe est tr\u00e8s consciente de votre r\u00f4le aupr\u00e8s du patient. Elle pourra \u00eatre amen\u00e9e \u00e0 vous demander de sortir momentan\u00e9ment de la chambre pour effectuer certains soins :<\/p>\n<ul>\n<li>soit pour pr\u00e9server l\u2019intimit\u00e9 de votre proche<\/li>\n<li>soit pour garantir les conditions d\u2019asepsie<\/li>\n<\/ul>\n<p><span style=\"color: #333333;\">Nous vous demanderons<\/span> alors de bien vouloir patienter en salle d\u2019attente.<\/p>\n<h4><span style=\"color: #99cc00;\"><strong>Le bien-\u00eatre et le calme de votre proche doit \u00eatre pr\u00e9serv\u00e9, c\u2019est pourquoi il est indispensable de limiter les visites \u00e0 3 personnes en m\u00eame temps dans la chambre.<\/strong><\/span><\/h4>\n<blockquote><p><strong>Lors des soins et p\u00e9riodes d\u2019attentes, veuillez retourner en salle d\u2019attente. <\/strong><strong>Merci de ne pas patienter dans le couloir, pour respecter l\u2019intimit\u00e9 des <\/strong><strong>autres patients.<br \/>\n<\/strong><\/p><\/blockquote>\n<p>Veillez \u00e0 m\u00e9nager \u00e0 votre proche et \u00e0 vous-m\u00eame des moments de repos.[\/vc_column_text][\/vc_tta_section][vc_tta_section title=\u00a0\u00bbEnfant visiteur\u00a0\u00bb tab_id=\u00a0\u00bb1476866134157-b12cc19a-49b1&Prime;][vc_column_text]La visite d\u2019un enfant est possible si celui-ci le d\u00e9sire et apr\u00e8s accord de l\u2019encadrement et du m\u00e9decin responsable.<\/p>\n<blockquote><p>Sa 1\u00e8re visite doit \u00eatre programm\u00e9e, organis\u00e9e, et encadr\u00e9e par l\u2019\u00e9quipe soignante.<\/p><\/blockquote>\n<p>[\/vc_column_text][\/vc_tta_section][\/vc_tta_tabs][\/vc_column][\/vc_row][vc_row][vc_column][vc_empty_space][\/vc_column][\/vc_row][vc_row][vc_column][vc_empty_space][\/vc_column][\/vc_row][vc_row][vc_column][vc_empty_space][vc_custom_heading text=\u00a0\u00bbLA PERSONNE DE CONFIANCE\u00a0\u00bb font_container=\u00a0\u00bbtag:h2|font_size:28|text_align:left|color:%23004972&Prime; use_theme_fonts=\u00a0\u00bbyes\u00a0\u00bb][vc_separator][vc_column_text]<span style=\"color: #004972;\">La <strong>personne de confiance<\/strong> formule un avis lorsque l&rsquo;\u00e9tat de sant\u00e9 du patient ne lui permet pas de donner le sien, mais elle ne remplace pas le patient, et elle n&rsquo;est pas imp\u00e9rative.<\/span><\/p>\n<p>L\u2019\u00e9quipe qui prend en charge votre proche consultera en priorit\u00e9 la personne de confiance.<br \/>\nLes informations jug\u00e9es suffisantes lui seront donn\u00e9es, afin qu\u2019elle puisse exprimer un avis sur ce que la personne hospitalis\u00e9e aurait souhait\u00e9.<br \/>\nL\u2019avis ainsi recueilli guidera l\u2019\u00e9quipe pour prendre les d\u00e9cisions n\u00e9cessaires.<\/p>\n<p><strong><span style=\"color: #94c123;\">Les m\u00e9decins ne sont pas li\u00e9s par l\u2019avis de la personne de confiance.<\/span><\/strong><\/p>\n<p>Si votre proche n\u2019a pas d\u00e9sign\u00e9 de personne de confiance avant l\u2019hospitalisation, 2 situations se pr\u00e9sentent :<\/p>\n<ul>\n<li>votre proche est pleinement conscient et peut d\u00e9signer \u00e0 son arriv\u00e9e dans le service, sa personne de confiance<\/li>\n<li>votre proche n\u2019est pas pleinement conscient, alors une <strong>personne r\u00e9f\u00e9rente<\/strong> sera d\u00e9sign\u00e9e en accord avec l\u2019\u00e9quipe m\u00e9dicale, mais dans ce cas, cette personne n\u2019est pas personne de confiance, car seul le patient peut la d\u00e9signer.<\/li>\n<\/ul>\n<p><span style=\"color: #94c123;\"><strong>La d\u00e9signation de la personne de confiance se fait par \u00e9crit. Elle est valable pour la dur\u00e9e de l\u2019hospitalisation mais peut changer \u00e0 tout moment \u00e0 la demande de la personne hospitalis\u00e9e.<\/strong><\/span>[\/vc_column_text][\/vc_column][\/vc_row][vc_row][vc_column][vc_empty_space][vc_custom_heading text=\u00a0\u00bbLA PERSONNE REFERENTE\u00a0\u00bb font_container=\u00a0\u00bbtag:h2|font_size:28|text_align:left|color:%23004972&Prime; use_theme_fonts=\u00a0\u00bbyes\u00a0\u00bb][vc_separator][vc_column_text]<span style=\"color: #333333; line-height: 107%; font-family: 'Open Sans'; font-size: 10.5pt;\"><strong>Personne r\u00e9f\u00e9rente<\/strong> : personne d\u00e9sign\u00e9e de mani\u00e8re consensuelle entre l\u2019\u00e9quipe m\u00e9dicale et les proches d\u2019un patient qui n\u2019aurait pas d\u00e9sign\u00e9 de personne de confiance et ne serait pas apte \u00e0 le faire du fait de son \u00e9tat de sant\u00e9. Cette personne sera inform\u00e9e de l\u2019\u00e9volution de l\u2019\u00e9tat de sant\u00e9 du patient.<\/span><\/p>\n<p>[\/vc_column_text][\/vc_column][\/vc_row][vc_row][vc_column][vc_empty_space][vc_custom_heading text=\u00a0\u00bbLA PERSONNE A PREVENIR\u00a0\u00bb font_container=\u00a0\u00bbtag:h2|font_size:28|text_align:left|color:%23004972&Prime; use_theme_fonts=\u00a0\u00bbyes\u00a0\u00bb][vc_separator][vc_column_text]<span style=\"color: #333333; line-height: 107%; font-family: 'Open Sans'; font-size: 10.5pt;\"><strong>Personne \u00e0 pr\u00e9venir<\/strong> : personne qui sera contact\u00e9e par l\u2019\u00e9quipe m\u00e9dicale en cas d\u2019\u00e9v\u00e9nement particulier<\/span><\/p>\n<p><span style=\"color: #333333; line-height: 107%; font-family: 'Open Sans'; font-size: 10.5pt;\">La personne r\u00e9f\u00e9rente et la personne \u00e0 pr\u00e9venir ne participent pas aux d\u00e9cisions m\u00e9dicales.<\/span>[\/vc_column_text][\/vc_column][\/vc_row][vc_row][vc_column][vc_empty_space][vc_custom_heading text=\u00a0\u00bbLA RECHERCHE\u00a0\u00bb font_container=\u00a0\u00bbtag:h2|font_size:28|text_align:left|color:%23004972&Prime; use_theme_fonts=\u00a0\u00bbyes\u00a0\u00bb][vc_separator][vc_column_text]<span style=\"color: #333333; line-height: 107%; font-family: 'Open Sans'; font-size: 10.5pt;\">Pour favoriser l\u2019\u00e9volution des disciplines m\u00e9dicale et param\u00e9dicale, diverses recherches (\u00e9tudes scientifiques) sont organis\u00e9es au niveau national ou local.<\/span><\/p>\n<p><span style=\"color: #333333; line-height: 107%; font-family: 'Open Sans'; font-size: 10.5pt;\">Ces recherches r\u00e9pondent \u00e0 un cadre l\u00e9gal et r\u00e9glementaire tr\u00e8s strict. Peut-\u00eatre votre proche sera-t-il sollicit\u00e9 pour participer \u00e0 l\u2019une de ces recherches cliniques.<\/span><\/p>\n<p><span style=\"color: #333333; line-height: 107%; font-family: 'Open Sans'; font-size: 10.5pt;\">Nous lui donnons une information claire, d\u00e9taill\u00e9e et compl\u00e8te ; apr\u00e8s quoi nous aurons besoin de son accord \u00e9crit par signature. Si votre proche n\u2019est pas en mesure de donner son accord, nous aurons besoin du v\u00f4tre.<\/span>[\/vc_column_text][\/vc_column][\/vc_row][vc_section][vc_row][vc_column][vc_empty_space][vc_custom_heading text=\u00a0\u00bbDOCUMENTS A CONSULTER\u00a0\u00bb font_container=\u00a0\u00bbtag:h2|font_size:28|text_align:left|color:%23004972&Prime; use_theme_fonts=\u00a0\u00bbyes\u00a0\u00bb][vc_separator][vc_empty_space][\/vc_column][\/vc_row][vc_row][vc_column][vc_empty_space][\/vc_column][\/vc_row][vc_row][vc_column width=\u00a0\u00bb1\/2&Prime;][vc_single_image image=\u00a0\u00bb914&Prime; add_caption=\u00a0\u00bbyes\u00a0\u00bb alignment=\u00a0\u00bbcenter\u00a0\u00bb style=\u00a0\u00bbvc_box_circle\u00a0\u00bb onclick=\u00a0\u00bbcustom_link\u00a0\u00bb img_link_target=\u00a0\u00bb_blank\u00a0\u00bb css_animation=\u00a0\u00bbappear\u00a0\u00bb link=\u00a0\u00bbhttps:\/\/rea.hopital-foch.com\/wp-content\/uploads\/2019\/01\/livret-rea-2019.pdf\u00a0\u00bb][\/vc_column][vc_column width=\u00a0\u00bb1\/2&Prime;][vc_single_image image=\u00a0\u00bb913&Prime; add_caption=\u00a0\u00bbyes\u00a0\u00bb alignment=\u00a0\u00bbcenter\u00a0\u00bb style=\u00a0\u00bbvc_box_circle\u00a0\u00bb onclick=\u00a0\u00bbcustom_link\u00a0\u00bb img_link_target=\u00a0\u00bb_blank\u00a0\u00bb css_animation=\u00a0\u00bbappear\u00a0\u00bb link=\u00a0\u00bbhttps:\/\/rea.hopital-foch.com\/wp-content\/uploads\/2017\/02\/NOUVEAU-PLAN-DE-LHOPITAL-2016-2017.pdf\u00a0\u00bb][\/vc_column][\/vc_row][\/vc_section]<\/p>\n","protected":false},"excerpt":{"rendered":"<p>[vc_row][vc_column][\/vc_column][\/vc_row][vc_row][vc_column][vc_column_text]La r\u00e9animation est une discipline m\u00e9dicale qui s\u2019attache \u00e0 prendre en charge les patients souffrant de d\u00e9faillances graves d\u2019un ou de plusieurs de leurs organes ou syst\u00e8mes\u00a0: c\u0153ur, reins, syst\u00e8me nerveux central, foie, syst\u00e8me h\u00e9matologique. L\u2019exercice de la r\u00e9animation impose un certain nombre de techniques sp\u00e9cifiques concernant 3 aspects\u00a0: La d\u00e9tection de d\u00e9faillances et leur [&hellip;]<\/p>\n","protected":false},"author":87,"featured_media":818,"parent":10,"menu_order":0,"comment_status":"closed","ping_status":"closed","template":"","meta":[],"_links":{"self":[{"href":"https:\/\/rea.hopital-foch.com\/index.php?rest_route=\/wp\/v2\/pages\/11"}],"collection":[{"href":"https:\/\/rea.hopital-foch.com\/index.php?rest_route=\/wp\/v2\/pages"}],"about":[{"href":"https:\/\/rea.hopital-foch.com\/index.php?rest_route=\/wp\/v2\/types\/page"}],"author":[{"embeddable":true,"href":"https:\/\/rea.hopital-foch.com\/index.php?rest_route=\/wp\/v2\/users\/87"}],"replies":[{"embeddable":true,"href":"https:\/\/rea.hopital-foch.com\/index.php?rest_route=%2Fwp%2Fv2%2Fcomments&post=11"}],"version-history":[{"count":5,"href":"https:\/\/rea.hopital-foch.com\/index.php?rest_route=\/wp\/v2\/pages\/11\/revisions"}],"predecessor-version":[{"id":3016,"href":"https:\/\/rea.hopital-foch.com\/index.php?rest_route=\/wp\/v2\/pages\/11\/revisions\/3016"}],"up":[{"embeddable":true,"href":"https:\/\/rea.hopital-foch.com\/index.php?rest_route=\/wp\/v2\/pages\/10"}],"wp:featuredmedia":[{"embeddable":true,"href":"https:\/\/rea.hopital-foch.com\/index.php?rest_route=\/wp\/v2\/media\/818"}],"wp:attachment":[{"href":"https:\/\/rea.hopital-foch.com\/index.php?rest_route=%2Fwp%2Fv2%2Fmedia&parent=11"}],"curies":[{"name":"wp","href":"https:\/\/api.w.org\/{rel}","templated":true}]}}